NOAA-style Climate Reports

Select a Year or Month report

Report for 2018 Oct
                   Monthly Climatological Summary for oct. 2018

Name: Meteo Sant Pau   City: Sant Pau D`Ordal   State: spain
Elevation: 246 m  Lat: N 01 47' 43"   Lon: E 043 23' 01"

                  Temperature (C), Rain (mm), Wind Speed (km/h)

                                      Heat  Cool        Avg
    Mean                              Deg   Deg         Wind                 Dom
Day Temp  High   Time   Low    Time   Days  Days  Rain  Speed High   Time    Dir
----------------------------------------------------------------------------------
 1  19,2  26,8   15:10  14,4   08:00   0,9   1,9   0,0  ----  22,5   10:45    NW
 2  17,6  25,6   16:30  11,2   07:50   2,5   1,7   0,0  ----  25,7   06:45   ---
 3  19,0  26,6   13:00  12,7   03:45   1,5   2,2   0,0  ----  22,5   15:05   NNW
 4  19,0  28,1   14:15  11,4   07:50   1,8   2,4   0,0  ----  19,3   14:35   SSE
 5  18,6  28,0   14:15  12,1   06:30   2,1   2,3   0,0  ----  19,3   16:45     E
 6  18,4  24,4   15:45  13,8   05:30   1,5   1,6   0,0  ----  20,9   15:35   ESE
 7  18,2  21,2   14:55  14,3   23:35   0,8   0,7   0,0  ----  20,9   17:45   NNW
 8  15,6  22,0   17:05  11,2   07:55   3,2   0,4   0,0  ----  14,5   14:45   NNE
 9  16,6  20,7   15:25  12,1   00:40   2,1   0,4   3,8  ----  35,4   21:10   NNW
10  18,6  24,6   14:55  15,6   07:00   0,9   1,3   0,4  ----  29,0   00:20   NNW
11  18,9  25,7   15:25  13,8   07:20   1,5   2,0   0,0  ----  17,7   15:40   SSE
12  19,7  26,9   15:30  14,2   06:50   0,8   2,2   0,2  ----  14,5   15:35   ENE
13  19,7  23,3   14:55  17,5   06:20   0,1   1,5   0,6  ----  17,7   00:35     E
14  19,6  24,3   14:25  16,0   08:15   0,4   1,6  48,6  ----  38,6   23:50    NE
15  17,5  21,4   14:25  14,2   23:40   1,3   0,5   5,2  ----  45,1   01:30   NNE
16  16,7  24,3   15:40  12,0   03:25   2,5   0,9   0,0  ----  19,3   11:10   NNW
17  17,4  25,2   14:30  12,6   04:50   2,0   1,1   0,0  ----  17,7   05:50   ENE
18  16,9  20,1   12:15  13,2   08:25   1,5   0,1   6,6  ----  32,2   13:30   NNW
19  19,1  23,2   14:45  16,3   07:50   0,4   1,2  17,8  ----  35,4   03:15     S
20  18,3  23,6   17:30  14,9   23:59   1,2   1,2  15,0  ----  22,5   12:50   NNE
21  18,3  25,1   15:00  13,3   04:05   1,7   1,7   0,2  ----  12,9   16:15   ---
22  18,1  23,4   14:15  13,2   23:59   1,3   1,1   0,0  ----  17,7   06:40   NNE
23  15,9  23,4   15:30  11,6   04:20   3,3   0,8   0,0  ----  19,3   12:00   ---
24  17,2  23,9   16:15  12,9   08:25   2,1   0,9   0,0  ----  25,7   11:00   NNW
25  17,6  26,4   15:35  12,4   23:59   2,1   1,4   0,0  ----  19,3   02:50   NNE
26  15,6  23,6   16:15   9,3   07:30   3,7   1,0   0,0  ----  12,9   16:35   NNW
27  14,6  16,3   00:35  13,2   10:40   1,7   0,0   5,4  ----  16,1   01:00   NNW
28  14,6  16,3   00:35  13,2   10:40   1,7   0,0   5,4  ----  16,1   01:00   NNW
29  14,6  16,3   00:35  13,2   10:40   1,7   0,0   5,4  ----  16,1   01:00   NNW
30  14,6  16,3   00:35  13,2   10:40   1,7   0,0   5,4  ----  16,1   01:00   NNW
31  14,6  16,3   00:35  13,2   10:40   1,7   0,0   5,4  ----  16,1   01:00   NNW
----------------------------------------------------------------------------------
    17,4  28,1     4     9,3    26    51,7  34,1 125,4  ----  45,1    15     ---

Max >=  27,0:  2
Max <=   0,0:  0
Min <=   0,0:  0
Min <= -18,0:  0
Max Rain: 48,6 on day 14
Days of Rain: 15 (>= 0,2 mm)  11 (>= 2,0 mm)  1 (>= 20,0 mm)
Heat Base: 18,3  Cool Base: 18,3  Method: Integration